nd 1848?
84
What is the greatest common divisor of 21 and 245?
7
Calculate the highest common divisor of 3200 and 2200.
200
What is the highest common divisor of 28 and 77?
7
Calculate the highest common divisor of 60 and 9015.
15
Calculate the highest common divisor of 272 and 288.
16
What is the greatest common factor of 1316 and 4136?
188
What is the highest common divisor of 402 and 174?
6
What is the highest common factor of 2260 and 180?
20
Calculate the greatest common factor of 21 and 3045.
21
What is the highest common factor of 19197 and 27?
27
What is the highest common divisor of 5784 and 6?
6
Calculate the greatest common divisor of 25 and 9575.
25
What is the greatest common divisor of 53785 and 155?
155
What is the highest common divisor of 9213 and 111?
111
Calculate the greatest common divisor of 23 and 644.
23
Calculate the highest common factor of 10330 and 20.
10
What is the highest common factor of 280 and 2744?
56
Calculate the highest common divisor of 99 and 27.
9
What is the greatest common factor of 288 and 13212?
36
What is the highest common divisor of 102 and 663?
51
Calculate the highest common factor of 76 and 180.
4
What is the greatest common factor of 5654 and 242?
22
What is the highest common factor of 72 and 1320?
24
Calculate the highest common factor of 93 and 1023.
93
What is the highest common factor of 3 and 27?
3
What is the highest common factor of 575 and 25?
25
Calculate the greatest common divisor of 3573 and 9.
9
Calculate the greatest common factor of 290 and 14645.
145
Calculate the highest common factor of 30 and 390.
30
Calculate the highest common divisor of 320 and 3160.
40
What is the highest common factor of 18 and 909?
9
Calculate the highest common factor of 170 and 130.
10
What is the greatest common factor of 90 and 40?
10
What is the highest common factor of 38 and 55898?
38
Calculate the highest common factor of 98 and 2.
2
What is the highest common factor of 36 and 12?
12
Calculate the greatest common divisor of 10318 and 28.
14
What is the greatest common divisor of 20 and 2780?
20
What is the highest common divisor of 52 and 4?
4
What is the highest common divisor of 130 and 30?
10
Calculate the highest common factor of 44 and 374.
22
Calculate the greatest common divisor of 75 and 5825.
25
What is the highest common factor of 310 and 580?
10
Calculate the highest common factor of 20956 and 372.
124
What is the highest common factor of 78 and 117?
39
What is the highest common factor of 900 and 175?
25
Calculate the highest common divisor of 1195 and 160.
5
What is the highest common factor of 468 and 10452?
156
What is the highest common divisor of 3801 and 42?
21
What is the highest common divisor of 144 and 160?
16
What is the highest common divisor of 3762 and 1782?
198
What is the highest common divisor of 946 and 594?
22
Calculate the highest common factor of 371 and 7.
7
What is the highest common factor of 1670 and 20?
10
Calculate the greatest common factor of 1161 and 27.
27
Calculate the highest common divisor of 47 and 7379.
47
Calculate the highest common factor of 36 and 297.
9
What is the greatest common factor of 42 and 147?
21
Calculate the highest common divisor of 50 and 40.
10
What is the highest common factor of 665 and 76?
19
Calculate the highest common factor of 130 and 110.
10
Calculate the highest common factor of 72 and 168.
24
Calculate the highest common divisor of 1121 and 59.
59
Calculate the greatest common divisor of 25 and 225.
25
What is the greatest common factor of 649 and 177?
59
What is the highest common factor of 22 and 73282?
22
What is the highest common factor of 1940 and 1843?
97
What is the highest common factor of 462 and 4543?
77
Calculate the greatest common factor of 49 and 147.
49
What is the highest common factor of 188 and 282?
94
What is the greatest common factor of 18 and 72?
18
Calculate the greatest common divisor of 105 and 651.
21
Calculate the greatest common divisor of 195 and 819.
39
What is the greatest common divisor of 1359 and 1661?
151
What is the greatest common divisor of 22 and 539?
11
What is the highest common factor of 2209 and 47?
47
What is the greatest common divisor of 423 and 2021?
47
Calculate the greatest common divisor of 260 and 195.
65
What is the greatest common factor of 329 and 14?
7
What is the greatest common divisor of 342 and 1102?
38
Calculate the greatest common factor of 4 and 144.
4
What is the highest common divisor of 5649 and 42?
21
What is the greatest common factor of 85 and 1615?
85
Calculate the highest common divisor of 1719 and 9.
9
Calculate the highest common divisor of 26 and 598.
26
Calculate the greatest common factor of 11565 and 45.
45
Calculate the greatest common factor of 112 and 7.
7
What is the highest common divisor of 80 and 4?
4
Calculate the greatest common factor of 31845 and 11.
11
Calculate the highest common divisor of 684 and 48.
12
What is the highest common factor of 98 and 17542?
98
What is the greatest common divisor of 784 and 1750?
14
Calculate the highest common divisor of 969 and 684.
57
Calculate the highest common factor of 15216 and 96.
48
What is the greatest common divisor of 185 and 11433?
37
Calculate the greatest common divisor of 1681 and 123.
41
What is the greatest common factor of 621 and 23?
23
What is the highest common factor of 484 and 44?
44
What is the highest common divisor of 1475 and 475?
25
Calculate the highest common factor of 36 and 81.
9
What is the greatest common factor of 2166 and 6?
6
What is the highest common factor of 45 and 2?
1
Calculate the highest common divisor of 2820 and 60.
60
What is the greatest common factor of 3472 and 84?
28
What is the highest common factor of 10737 and 9?
9
What is the highest common divisor of 126 and 1344?
42
What is the greatest common factor of 21 and 399?
21
Calculate the greatest common divisor of 1218 and 957.
87
What is the greatest common divisor of 1530 and 630?
90
What is the highest common factor of 1344 and 8288?
224
Calculate the greatest common divisor of 319 and 87.
29
What is the highest common divisor of 68 and 68?
68
Calculate the greatest common divisor of 2090 and 110.
110
Calculate the highest common divisor of 164 and 4346.
82
What is the highest common divisor of 2754 and 1296?
162
Calculate the highest common divisor of 8775 and 300.
75
What is the greatest common factor of 700 and 385?
35
What is the highest common divisor of 41 and 18983?
41
Calculate the highest common divisor of 52 and 4.
4
Calculate the greatest common factor of 1032 and 108.
12
What is the greatest common divisor of 820 and 50?
10
What is the greatest common factor of 17 and 1037?
17
What is the greatest common divisor of 150 and 4050?
150
Calculate the greatest common factor of 27 and 2133.
27
What is the greatest common divisor of 192 and 48?
48
Calculate the highest common factor of 637 and 13.
13
What is the greatest common divisor of 448 and 56?
56
Calculate the greatest common factor of 708 and 780.
12
Calculate the highest common factor of 28 and 4368.
28
Calculate the greatest common divisor of 271 and 43360.
271
What is the greatest common divisor of 77 and 770?
77
Calculate the highest common divisor of 115 and 10.
5
Calculate the greatest common divisor of 20 and 25.
5
Calculate the greatest common factor of 42 and 14.
14
What is the highest common divisor of 1914 and 1740?
174
Calculate the highest common divisor of 788 and 8.
4
Calculate the highest common divisor of 225 and 18.
9
Calculate the greatest common divisor of 24 and 2988.
12
Calculate the highest common factor of 8106 and 21.
21
What is the highest common factor of 29640 and 156?
156
What is the greatest common factor of 3270 and 30?
30
Calculate the greatest common factor of 46 and 2714.
46
What is the greatest common divisor of 27 and 774?
9
What is the greatest common divisor of 231 and 84?
21
Calculate the greatest common factor of 33 and 2354.
11
Calculate the greatest common factor of 3311 and 2709.
301
Calculate the greatest common factor of 183 and 27.
3
Calculate the highest common factor of 219 and 2774.
73
Calculate the greatest common factor of 324 and 1377.
81
What is the greatest common divisor